{"id":1822,"date":"2021-04-17T02:37:04","date_gmt":"2021-04-17T02:37:04","guid":{"rendered":"https:\/\/luisfernandoviancha.com\/?page_id=1822"},"modified":"2025-10-24T18:02:06","modified_gmt":"2025-10-24T18:02:06","slug":"tasa-de-transito","status":"publish","type":"page","link":"https:\/\/luisfernandoviancha.com\/index.php\/tasa-de-transito\/","title":{"rendered":"Tasa de Tr\u00e1nsito"},"content":{"rendered":"\t\t<div data-elementor-type=\"wp-page\" data-elementor-id=\"1822\" class=\"elementor elementor-1822\" data-elementor-post-type=\"page\">\n\t\t\t\t\t\t<section class=\"elementor-section elementor-top-section elementor-element elementor-element-675dba2 elementor-section-boxed elementor-section-height-default elementor-section-height-default\" data-id=\"675dba2\" data-element_type=\"section\" data-e-type=\"section\">\n\t\t\t\t\t\t<div class=\"elementor-container elementor-column-gap-default\">\n\t\t\t\t\t<div class=\"elementor-column elementor-col-100 elementor-top-column elementor-element elementor-element-e3300fc\" data-id=\"e3300fc\" data-element_type=\"column\" data-e-type=\"column\">\n\t\t\t<div class=\"elementor-widget-wrap elementor-element-populated\">\n\t\t\t\t\t\t<div class=\"elementor-element elementor-element-ff30999 elementor-headline--style-highlight elementor-widget elementor-widget-animated-headline\" data-id=\"ff30999\" data-element_type=\"widget\" data-e-type=\"widget\" data-settings=\"{&quot;highlighted_text&quot;:&quot;inmediato&quot;,&quot;highlight_animation_duration&quot;:700,&quot;highlight_iteration_delay&quot;:6000,&quot;marker&quot;:&quot;curly&quot;,&quot;headline_style&quot;:&quot;highlight&quot;,&quot;loop&quot;:&quot;yes&quot;}\" data-widget_type=\"animated-headline.default\">\n\t\t\t\t<div class=\"elementor-widget-container\">\n\t\t\t\t\t\t\t<h3 class=\"elementor-headline\">\n\t\t\t\t\t<span class=\"elementor-headline-plain-text elementor-headline-text-wrapper\">An\u00e1lisis de la tasa de tr\u00e1nsito <\/span>\n\t\t\t\t<span class=\"elementor-headline-dynamic-wrapper elementor-headline-text-wrapper\">\n\t\t\t\t\t<span class=\"elementor-headline-dynamic-text elementor-headline-text-active\">inmediato<\/span>\n\t\t\t\t<\/span>\n\t\t\t\t\t<span class=\"elementor-headline-plain-text elementor-headline-text-wrapper\">a educaci\u00f3n superior en Colombia<\/span>\n\t\t\t\t\t<\/h3>\n\t\t\t\t\t\t<\/div>\n\t\t\t\t<\/div>\n\t\t\t\t<div class=\"elementor-element elementor-element-2253d66 elementor-widget elementor-widget-spacer\" data-id=\"2253d66\" data-element_type=\"widget\" data-e-type=\"widget\" data-widget_type=\"spacer.default\">\n\t\t\t\t<div class=\"elementor-widget-container\">\n\t\t\t\t\t\t\t<div class=\"elementor-spacer\">\n\t\t\t<div class=\"elementor-spacer-inner\"><\/div>\n\t\t<\/div>\n\t\t\t\t\t\t<\/div>\n\t\t\t\t<\/div>\n\t\t\t\t\t<\/div>\n\t\t<\/div>\n\t\t\t\t\t<\/div>\n\t\t<\/section>\n\t\t<div class=\"elementor-element elementor-element-6026a3f e-con-full animated-slow e-flex elementor-invisible e-con e-parent\" data-id=\"6026a3f\" data-element_type=\"container\" data-e-type=\"container\" data-settings=\"{&quot;animation&quot;:&quot;fadeIn&quot;}\">\n\t\t<div class=\"elementor-element elementor-element-a8932a9 e-con-full e-flex e-con e-child\" data-id=\"a8932a9\" data-element_type=\"container\" data-e-type=\"container\">\n\t\t<div class=\"elementor-element elementor-element-d031443 e-con-full e-flex e-con e-child\" data-id=\"d031443\" data-element_type=\"container\" data-e-type=\"container\">\n\t\t\t\t<div class=\"elementor-element elementor-element-c47f257 animated-slow elementor-invisible elementor-widget elementor-widget-heading\" data-id=\"c47f257\" data-element_type=\"widget\" data-e-type=\"widget\" data-settings=\"{&quot;_animation&quot;:&quot;fadeInLeft&quot;}\" data-widget_type=\"heading.default\">\n\t\t\t\t<div class=\"elementor-widget-container\">\n\t\t\t\t\t<div class=\"elementor-heading-title elementor-size-default\">El indicador<\/div>\t\t\t\t<\/div>\n\t\t\t\t<\/div>\n\t\t<div class=\"elementor-element elementor-element-762046c e-flex e-con-boxed e-con e-child\" data-id=\"762046c\" data-element_type=\"container\" data-e-type=\"container\">\n\t\t\t\t\t<div class=\"e-con-inner\">\n\t\t\t\t<div class=\"elementor-element elementor-element-651e4ba elementor-widget__width-inherit elementor-widget elementor-widget-text-editor\" data-id=\"651e4ba\" data-element_type=\"widget\" data-e-type=\"widget\" data-widget_type=\"text-editor.default\">\n\t\t\t\t<div class=\"elementor-widget-container\">\n\t\t\t\t\t\t\t\t\t<h3 class=\"elementor-heading-title elementor-size-default elementor-inline-editing pen\" contenteditable=\"true\" data-elementor-setting-key=\"title\" data-pen-placeholder=\"Teclea aqu\u00ed...\"><a href=\"https:\/\/snies.mineducacion.gov.co\/portal\/\">La tasa de absorci\u00f3n inmediata o de tr\u00e1nsito inmediato a educaci\u00f3n superior, es un indicador de acceso y eficiencia del sistema educativo, que da cuenta de la proporci\u00f3n de bachilleres que ingresan a programas de educaci\u00f3n superior en el a\u00f1o siguiente a la culminaci\u00f3n de la educaci\u00f3n media. Sistema Nacional de Informaci\u00f3n de la Educaci\u00f3n Superior (SNIES).<\/a><\/h3>\t\t\t\t\t\t\t\t<\/div>\n\t\t\t\t<\/div>\n\t\t\t\t\t<\/div>\n\t\t\t\t<\/div>\n\t\t\t\t<\/div>\n\t\t<div class=\"elementor-element elementor-element-e82a1c3 e-con-full e-flex e-con e-child\" data-id=\"e82a1c3\" data-element_type=\"container\" data-e-type=\"container\">\n\t\t\t\t<div class=\"elementor-element elementor-element-311cd6c animated-slow elementor-invisible elementor-widget elementor-widget-heading\" data-id=\"311cd6c\" data-element_type=\"widget\" data-e-type=\"widget\" data-settings=\"{&quot;_animation&quot;:&quot;fadeInLeft&quot;}\" data-widget_type=\"heading.default\">\n\t\t\t\t<div class=\"elementor-widget-container\">\n\t\t\t\t\t<div class=\"elementor-heading-title elementor-size-default\">C\u00e1lculo del indicador<\/div>\t\t\t\t<\/div>\n\t\t\t\t<\/div>\n\t\t<div class=\"elementor-element elementor-element-23d7bfb e-flex e-con-boxed e-con e-child\" data-id=\"23d7bfb\" data-element_type=\"container\" data-e-type=\"container\">\n\t\t\t\t\t<div class=\"e-con-inner\">\n\t\t\t\t<div class=\"elementor-element elementor-element-72913b7 elementor-widget__width-inherit elementor-widget elementor-widget-text-editor\" data-id=\"72913b7\" data-element_type=\"widget\" data-e-type=\"widget\" data-widget_type=\"text-editor.default\">\n\t\t\t\t<div class=\"elementor-widget-container\">\n\t\t\t\t\t\t\t\t\t<p>Para la estimaci\u00f3n de la tasa de tr\u00e1nsito inmediata, el MEN realiza el cruce persona a persona de la totalidad de estudiantes reportados en el Sistema de Matr\u00edcula de Educaci\u00f3n B\u00e1sica y Media (SIMAT), que culminaron grado 11 en el a\u00f1o inmediatamente anterior, con la totalidad de j\u00f3venes matriculados en programas de educaci\u00f3n superior en los periodos de la vigencia siguiente reportados por las Instituciones de Educaci\u00f3n Superior en el SNIES.<\/p>\t\t\t\t\t\t\t\t<\/div>\n\t\t\t\t<\/div>\n\t\t\t\t\t<\/div>\n\t\t\t\t<\/div>\n\t\t\t\t<\/div>\n\t\t<div class=\"elementor-element elementor-element-016a6a2 e-con-full e-flex e-con e-child\" data-id=\"016a6a2\" data-element_type=\"container\" data-e-type=\"container\">\n\t\t<div class=\"elementor-element elementor-element-e58ced0 e-flex e-con-boxed e-con e-child\" data-id=\"e58ced0\" data-element_type=\"container\" data-e-type=\"container\">\n\t\t\t\t\t<div class=\"e-con-inner\">\n\t\t\t\t<div class=\"elementor-element elementor-element-17f1a3e elementor-widget__width-inherit elementor-widget elementor-widget-text-editor\" data-id=\"17f1a3e\" data-element_type=\"widget\" data-e-type=\"widget\" data-widget_type=\"text-editor.default\">\n\t\t\t\t<div class=\"elementor-widget-container\">\n\t\t\t\t\t\t\t\t\t<p><strong>El ejercicio ciudadano<\/strong><\/p><p>\u00a0<\/p>\t\t\t\t\t\t\t\t<\/div>\n\t\t\t\t<\/div>\n\t\t\t\t<div class=\"elementor-element elementor-element-f562f84 elementor-widget__width-inherit elementor-widget elementor-widget-text-editor\" data-id=\"f562f84\" data-element_type=\"widget\" data-e-type=\"widget\" data-widget_type=\"text-editor.default\">\n\t\t\t\t<div class=\"elementor-widget-container\">\n\t\t\t\t\t\t\t\t\t<p>Con respecto al indicador de la Tasa de Tr\u00e1nsito de Educaci\u00f3n Superior en\u00a0 Colombia, en el Sistema Nacional de Informaci\u00f3n de Educaci\u00f3n Superior (SNIES) se puede consultar y descargar\u00a0 informes de cada departamentos del pa\u00eds, no obstante, para este ejercicio de datos abiertos se realiz\u00f3 un consolidado de la totalidad de las bases que dan cuenta de 32 Departamentos, 1.122 municipios y el Distrito Capital para realizar el an\u00e1lisis y correlaci\u00f3n que a continuaci\u00f3n se presenta:<\/p>\t\t\t\t\t\t\t\t<\/div>\n\t\t\t\t<\/div>\n\t\t\t\t\t<\/div>\n\t\t\t\t<\/div>\n\t\t\t\t<\/div>\n\t\t\t\t<\/div>\n\t\t\t\t<\/div>\n\t\t<div class=\"elementor-element elementor-element-1d3d8bf e-flex e-con-boxed e-con e-parent\" data-id=\"1d3d8bf\" data-element_type=\"container\" data-e-type=\"container\">\n\t\t\t\t\t<div class=\"e-con-inner\">\n\t\t<div class=\"elementor-element elementor-element-5c3a521 e-con-full e-flex e-con e-child\" data-id=\"5c3a521\" data-element_type=\"container\" data-e-type=\"container\">\n\t\t\t\t<div class=\"elementor-element elementor-element-47bcf6a elementor-widget-divider--view-line elementor-widget elementor-widget-divider\" data-id=\"47bcf6a\" data-element_type=\"widget\" data-e-type=\"widget\" data-widget_type=\"divider.default\">\n\t\t\t\t<div class=\"elementor-widget-container\">\n\t\t\t\t\t\t\t<div class=\"elementor-divider\">\n\t\t\t<span class=\"elementor-divider-separator\">\n\t\t\t\t\t\t<\/span>\n\t\t<\/div>\n\t\t\t\t\t\t<\/div>\n\t\t\t\t<\/div>\n\t\t\t\t<div class=\"elementor-element elementor-element-9a21ccc elementor-widget elementor-widget-heading\" data-id=\"9a21ccc\" data-element_type=\"widget\" data-e-type=\"widget\" data-widget_type=\"heading.default\">\n\t\t\t\t<div class=\"elementor-widget-container\">\n\t\t\t\t\t<h2 class=\"elementor-heading-title elementor-size-default\">Gr\u00e1fica. Tasa de tr\u00e1nsito inmediato a educaci\u00f3n superior por departamento, comparativo con la tasa de Colombia y de Bogot\u00e1, Distrito Capital.<\/h2>\t\t\t\t<\/div>\n\t\t\t\t<\/div>\n\t\t\t\t<div class=\"elementor-element elementor-element-f2f8b02 elementor-widget elementor-widget-html\" data-id=\"f2f8b02\" data-element_type=\"widget\" data-e-type=\"widget\" data-widget_type=\"html.default\">\n\t\t\t\t<div class=\"elementor-widget-container\">\n\t\t\t\t\t<div class=\"flourish-embed flourish-chart\" data-src=\"visualisation\/22057467\"><script src=\"https:\/\/public.flourish.studio\/resources\/embed.js\"><\/script><noscript><img decoding=\"async\" src=\"https:\/\/public.flourish.studio\/visualisation\/22057467\/thumbnail\" width=\"100%\" alt=\"chart visualization\" \/><\/noscript><\/div>\t\t\t\t<\/div>\n\t\t\t\t<\/div>\n\t\t\t\t<\/div>\n\t\t\t\t<div class=\"elementor-element elementor-element-a082219 elementor-widget-divider--view-line elementor-widget elementor-widget-divider\" data-id=\"a082219\" data-element_type=\"widget\" data-e-type=\"widget\" data-widget_type=\"divider.default\">\n\t\t\t\t<div class=\"elementor-widget-container\">\n\t\t\t\t\t\t\t<div class=\"elementor-divider\">\n\t\t\t<span class=\"elementor-divider-separator\">\n\t\t\t\t\t\t<\/span>\n\t\t<\/div>\n\t\t\t\t\t\t<\/div>\n\t\t\t\t<\/div>\n\t\t\t\t<div class=\"elementor-element elementor-element-0ab5226 elementor--h-position-center elementor--v-position-middle elementor-arrows-position-inside elementor-pagination-position-inside elementor-widget elementor-widget-slides\" data-id=\"0ab5226\" data-element_type=\"widget\" data-e-type=\"widget\" data-settings=\"{&quot;navigation&quot;:&quot;both&quot;,&quot;autoplay&quot;:&quot;yes&quot;,&quot;pause_on_hover&quot;:&quot;yes&quot;,&quot;pause_on_interaction&quot;:&quot;yes&quot;,&quot;autoplay_speed&quot;:5000,&quot;infinite&quot;:&quot;yes&quot;,&quot;transition&quot;:&quot;slide&quot;,&quot;transition_speed&quot;:500}\" data-widget_type=\"slides.default\">\n\t\t\t\t<div class=\"elementor-widget-container\">\n\t\t\t\t\t\t\t\t\t<div class=\"elementor-swiper\">\n\t\t\t\t\t<div class=\"elementor-slides-wrapper elementor-main-swiper swiper\" role=\"region\" aria-roledescription=\"carousel\" aria-label=\"Slides\" dir=\"ltr\" data-animation=\"fadeInUp\">\n\t\t\t\t<div class=\"swiper-wrapper elementor-slides\">\n\t\t\t\t\t\t\t\t\t\t<div class=\"elementor-repeater-item-3416303 swiper-slide\" role=\"group\" aria-roledescription=\"slide\"><div class=\"swiper-slide-bg\" role=\"img\" aria-label=\"1\"><\/div><div class=\"swiper-slide-inner\" ><div class=\"swiper-slide-contents\"><div class=\"elementor-slide-heading\">En Colombia 4 de cada 10 j\u00f3venes ingresaron a estudiar en educaci\u00f3n superior inmediatamente se graduaron de su bachillerato<\/div><div class=\"elementor-slide-description\">Tasa de tr\u00e1nsito inmediata a educaci\u00f3n superior en 2024<\/div><\/div><\/div><\/div><div class=\"elementor-repeater-item-5dd05ac swiper-slide\" role=\"group\" aria-roledescription=\"slide\"><div class=\"swiper-slide-bg\" role=\"img\" aria-label=\"2\"><\/div><div class=\"swiper-slide-inner\" ><div class=\"swiper-slide-contents\"><div class=\"elementor-slide-heading\">La tasa de tr\u00e1nsito inmediato a educaci\u00f3n superior en 2024 se ubic\u00f3 en 45,94 %<\/div><div class=\"elementor-slide-description\">20 de los 32 departamentos de Colombia tuvieron una tasa de acceso por debajo de la media nacional<\/div><\/div><\/div><\/div><div class=\"elementor-repeater-item-a361a79 swiper-slide\" role=\"group\" aria-roledescription=\"slide\"><div class=\"swiper-slide-bg\" role=\"img\" aria-label=\"3\"><\/div><div class=\"swiper-slide-inner\" ><div class=\"swiper-slide-contents\"><div class=\"elementor-slide-heading\">En 5 ciudades del pa\u00eds se concentr\u00f3 la tercera parte (32%) de la demanda de j\u00f3venes que ingresaron a educaci\u00f3n superior <\/div><div class=\"elementor-slide-description\">Bogot\u00e1 se constituy\u00f3 en el territorio del pa\u00eds con mayor absorci\u00f3n con 39 mil j\u00f3venes, le sigue Medell\u00edn (11 mil j\u00f3venes), Cali (8 mil j\u00f3venes), Barranquilla (7 mil j\u00f3venes) y Cartagena (7 mil j\u00f3venes). <\/div><\/div><\/div><\/div><div class=\"elementor-repeater-item-59af0be swiper-slide\" role=\"group\" aria-roledescription=\"slide\"><div class=\"swiper-slide-bg\" role=\"img\" aria-label=\"4\"><\/div><div class=\"swiper-slide-inner\" ><div class=\"swiper-slide-contents\"><div class=\"elementor-slide-heading\">Relaci\u00f3n de la tasa de tr\u00e1nsito con el \u00edndice de ruralidad<\/div><div class=\"elementor-slide-description\">\u2022\tLos municipios del pa\u00eds que tienen proporci\u00f3n de ruralidad por encima del 50% (669 municipios) tiene en promedio una tasa de tr\u00e1nsito del 28, 65%, es decir 14 p.p por debajo de la media nacional<\/div><\/div><\/div><\/div><div class=\"elementor-repeater-item-0a67141 swiper-slide\" role=\"group\" aria-roledescription=\"slide\"><div class=\"swiper-slide-bg\"><\/div><div class=\"swiper-slide-inner\" ><div class=\"swiper-slide-contents\"><div class=\"elementor-slide-heading\">Consultando el siguiente tablero de informaci\u00f3n los usuarios pueden identificar:<\/div><div class=\"elementor-slide-description\">\u2022\tEl ranking de los departamentos y municipios con mejores y m\u00e1s bajos \u00edndices de acceso de los j\u00f3venes a educaci\u00f3n superior\n\n\u2022\tLa relaci\u00f3n del acceso a educaci\u00f3n superior con la ruralidad de los municipios\n\u2022\tLa relaci\u00f3n del acceso a educaci\u00f3n superior con la tasa de cobertura bruta en educaci\u00f3n superior (oferta en el territorio)\n\u2022\tLa relaci\u00f3n del acceso a educaci\u00f3n superior con la tasa de cobertura neta en el nivel de media (j\u00f3venes en 10 y 11 en edades acordes con el grado que cursan)\n\u2022\tLa dispersi\u00f3n territorial del # de bachilleres que ingresan a educaci\u00f3n superior\n<\/div><\/div><\/div><\/div>\t\t\t\t<\/div>\n\t\t\t\t\t\t\t\t\t\t\t\t\t\t\t<div class=\"elementor-swiper-button elementor-swiper-button-prev\" role=\"button\" tabindex=\"0\" aria-label=\"Diapositiva anterior\">\n\t\t\t\t\t\t\t<svg aria-hidden=\"true\" class=\"e-font-icon-svg e-eicon-chevron-left\" viewBox=\"0 0 1000 1000\" xmlns=\"http:\/\/www.w3.org\/2000\/svg\"><path d=\"M646 125C629 125 613 133 604 142L308 442C296 454 292 471 292 487 292 504 296 521 308 533L604 854C617 867 629 875 646 875 663 875 679 871 692 858 704 846 713 829 713 812 713 796 708 779 692 767L438 487 692 225C700 217 708 204 708 187 708 171 704 154 692 142 675 129 663 125 646 125Z\"><\/path><\/svg>\t\t\t\t\t\t<\/div>\n\t\t\t\t\t\t<div class=\"elementor-swiper-button elementor-swiper-button-next\" role=\"button\" tabindex=\"0\" aria-label=\"Diapositiva siguiente\">\n\t\t\t\t\t\t\t<svg aria-hidden=\"true\" class=\"e-font-icon-svg e-eicon-chevron-right\" viewBox=\"0 0 1000 1000\" xmlns=\"http:\/\/www.w3.org\/2000\/svg\"><path d=\"M696 533C708 521 713 504 713 487 713 471 708 454 696 446L400 146C388 133 375 125 354 125 338 125 325 129 313 142 300 154 292 171 292 187 292 204 296 221 308 233L563 492 304 771C292 783 288 800 288 817 288 833 296 850 308 863 321 871 338 875 354 875 371 875 388 867 400 854L696 533Z\"><\/path><\/svg>\t\t\t\t\t\t<\/div>\n\t\t\t\t\t\t\t\t\t\t\t\t\t\t\t\t<div class=\"swiper-pagination\"><\/div>\n\t\t\t\t\t\t\t\t\t\t\t\t<\/div>\n\t\t\t\t<\/div>\n\t\t\t\t\t\t\t\t<\/div>\n\t\t\t\t<\/div>\n\t\t\t\t\t<\/div>\n\t\t\t\t<\/div>\n\t\t<div class=\"elementor-element elementor-element-76aaa58 e-flex e-con-boxed e-con e-parent\" data-id=\"76aaa58\" data-element_type=\"container\" data-e-type=\"container\">\n\t\t\t\t\t<div class=\"e-con-inner\">\n\t\t\t\t<div class=\"elementor-element elementor-element-d799618 elementor-widget-divider--view-line elementor-widget elementor-widget-divider\" data-id=\"d799618\" data-element_type=\"widget\" data-e-type=\"widget\" data-widget_type=\"divider.default\">\n\t\t\t\t<div class=\"elementor-widget-container\">\n\t\t\t\t\t\t\t<div class=\"elementor-divider\">\n\t\t\t<span class=\"elementor-divider-separator\">\n\t\t\t\t\t\t<\/span>\n\t\t<\/div>\n\t\t\t\t\t\t<\/div>\n\t\t\t\t<\/div>\n\t\t\t\t<div class=\"elementor-element elementor-element-bbcb6de elementor-widget elementor-widget-heading\" data-id=\"bbcb6de\" data-element_type=\"widget\" data-e-type=\"widget\" data-widget_type=\"heading.default\">\n\t\t\t\t<div class=\"elementor-widget-container\">\n\t\t\t\t\t<h2 class=\"elementor-heading-title elementor-size-default\">Tablero. An\u00e1lisis de la tasa de tr\u00e1nsito inmediato a educaci\u00f3n superior por departamentos y municipios. Comparativo con la media nacional y Bogot\u00e1, Distrito Capital. <br>Correlaci\u00f3n con variables de ruralidad, tasa de cobertura bruta en educaci\u00f3n superior y la tasa neta de cobertura en el nivel de media.<\/h2>\t\t\t\t<\/div>\n\t\t\t\t<\/div>\n\t\t\t\t<div class=\"elementor-element elementor-element-ff296bf elementor-invisible elementor-widget elementor-widget-html\" data-id=\"ff296bf\" data-element_type=\"widget\" data-e-type=\"widget\" data-settings=\"{&quot;_animation&quot;:&quot;fadeInUp&quot;}\" data-widget_type=\"html.default\">\n\t\t\t\t<div class=\"elementor-widget-container\">\n\t\t\t\t\t<iframe width=\"1750\" height=\"650\" src=\"https:\/\/lookerstudio.google.com\/embed\/reporting\/4acdbfa1-db2e-4682-928c-cf388877669b\/page\/qTe2E\" frameborder=\"0\" style=\"border:0\" allowfullscreen sandbox=\"allow-storage-access-by-user-activation allow-scripts allow-same-origin allow-popups allow-popups-to-escape-sandbox\"><\/iframe>\t\t\t\t<\/div>\n\t\t\t\t<\/div>\n\t\t\t\t\t<\/div>\n\t\t\t\t<\/div>\n\t\t<div class=\"elementor-element elementor-element-5429fad e-flex e-con-boxed e-con e-parent\" data-id=\"5429fad\" data-element_type=\"container\" data-e-type=\"container\">\n\t\t\t\t\t<div class=\"e-con-inner\">\n\t\t\t\t\t<\/div>\n\t\t\t\t<\/div>\n\t\t\t\t<\/div>\n\t\t","protected":false},"excerpt":{"rendered":"<p>An\u00e1lisis de la tasa de tr\u00e1nsito inmediato a educaci\u00f3n superior en Colombia El indicador La tasa de absorci\u00f3n inmediata o de tr\u00e1nsito inmediato a educaci\u00f3n superior, es un indicador de acceso y eficiencia del sistema educativo, que da cuenta de la proporci\u00f3n de bachilleres que ingresan a programas de educaci\u00f3n superior en el a\u00f1o siguiente &hellip; <\/p>\n<p class=\"link-more\"><a href=\"https:\/\/luisfernandoviancha.com\/index.php\/tasa-de-transito\/\" class=\"more-link\">Continuar leyendo<span class=\"screen-reader-text\"> \u00abTasa de Tr\u00e1nsito\u00bb<\/span><\/a><\/p>\n","protected":false},"author":1,"featured_media":0,"parent":0,"menu_order":0,"comment_status":"closed","ping_status":"closed","template":"elementor_header_footer","meta":{"footnotes":""},"class_list":["post-1822","page","type-page","status-publish","hentry"],"_links":{"self":[{"href":"https:\/\/luisfernandoviancha.com\/index.php\/wp-json\/wp\/v2\/pages\/1822","targetHints":{"allow":["GET"]}}],"collection":[{"href":"https:\/\/luisfernandoviancha.com\/index.php\/wp-json\/wp\/v2\/pages"}],"about":[{"href":"https:\/\/luisfernandoviancha.com\/index.php\/wp-json\/wp\/v2\/types\/page"}],"author":[{"embeddable":true,"href":"https:\/\/luisfernandoviancha.com\/index.php\/wp-json\/wp\/v2\/users\/1"}],"replies":[{"embeddable":true,"href":"https:\/\/luisfernandoviancha.com\/index.php\/wp-json\/wp\/v2\/comments?post=1822"}],"version-history":[{"count":453,"href":"https:\/\/luisfernandoviancha.com\/index.php\/wp-json\/wp\/v2\/pages\/1822\/revisions"}],"predecessor-version":[{"id":5879,"href":"https:\/\/luisfernandoviancha.com\/index.php\/wp-json\/wp\/v2\/pages\/1822\/revisions\/5879"}],"wp:attachment":[{"href":"https:\/\/luisfernandoviancha.com\/index.php\/wp-json\/wp\/v2\/media?parent=1822"}],"curies":[{"name":"wp","href":"https:\/\/api.w.org\/{rel}","templated":true}]}}